
False
Does 13 divide 2685?
False
Is 612 a multiple of 36?
True
Is 95 a multiple of 30?
False
Does 21 divide 56?
False
Does 18 divide 273?
False
Is 4368 a multiple of 26?
True
Is 7707 even?
False
Is 15 a factor of 720?
True
Is 828 a multiple of 18?
True
Is 2566 a multiple of 27?
False
Is 43 a factor of 1663?
False
Is 6 a factor of 84?
True
Does 21 divide 257?
False
Is 450 a multiple of 6?
True
Is 14 a factor of 293?
False
Is 65 a factor of 15080?
True
Is 8 a factor of 1478?
False
Is 110 a factor of 12624?
False
Is 56 a factor of 441?
False
Does 82 divide 1558?
True
Does 6 divide 36342?
True
Is 42157 a multiple of 142?
False
Is 168 a factor of 11592?
True
Is 1989 a multiple of 9?
True
Is 17 a factor of 833?
True
Does 6 divide 41500?
False
Is 6 a factor of 144?
True
Is 156 a multiple of 6?
True
Is 12 a factor of 103488?
True
Is 99 a factor of 25344?
True
Does 122 divide 1964?
False
Is 32 a factor of 1856?
True
Is 8 a factor of 16312?
True
Is 15104 a multiple of 118?
True
Does 25 divide 1966?
False
Is 908 a multiple of 7?
False
Is 34 a factor of 680?
True
Does 10 divide 707?
False
Does 4 divide 800?
True
Is 60 a factor of 1800?
True
Does 74 divide 69767?
False
Is 54 a factor of 14968?
False
Does 7 divide 13796?
False
Is 8948 a multiple of 4?
True
Is 620 a multiple of 62?
True
Does 5 divide 320?
True
Is 129 a factor of 4309?
False
Is 25 a factor of 667?
False
Does 22 divide 12981?
False
Does 247 divide 136097?
True
Is 15414 a multiple of 69?
False
Does 2 divide 1376?
True
Does 30 divide 9510?
True
Is 64 a factor of 1984?
True
Is 26305 a multiple of 9?
False
Is 37 a factor of 33004?
True
Is 5185 a multiple of 6?
False
Is 203 a multiple of 25?
False
Is 7029 a multiple of 11?
True
Is 1078 a multiple of 4?
False
Is 33 a factor of 229?
False
Is 920 a multiple of 8?
True
Does 29 divide 6671?
False
Is 8820 a multiple of 18?
True
Is 4816 a multiple of 16?
True
Does 11 divide 2222?
True
Is 71 a factor of 193?
False
Does 7 divide 3810?
False
Is 5 a factor of 5879?
False
Is 16 a factor of 1770?
False
Is 57996 a multiple of 54?
True
Is 7 a factor of 24437?
True
Is 79 a multiple of 5?
False
Does 36 divide 2556?
True
Does 5 divide 800?
True
Does 9 divide 5832?
True
Is 88 a factor of 528?
True
Is 829 even?
False
Is 42 a factor of 7257?
False
Is 79 a factor of 3081?
True
Does 80 divide 828?
False
Is 5095 a multiple of 22?
False
Is 1710 a multiple of 114?
True
Does 15 divide 390?
True
Is 9 a factor of 396?
True
Is 92 a factor of 2300?
True
Is 1809 a multiple of 11?
False
Is 3717 a multiple of 21?
True
Is 9 a factor of 6560?
False
Is 11 a factor of 1551?
True
Is 1534 a multiple of 13?
True
Does 61 divide 10126?
True
Does 8 divide 8118?
False
Is 1490 a multiple of 5?
True
Is 140 a factor of 13580?
True
Is 26 a factor of 5471?
False
Is 115 a factor of 37866?
False
Is 1449 a multiple of 23?
True
Is 87 a multiple of 29?
True
Is 28105 a multiple of 58?
False
Does 43 divide 6321?
True
Is 2375 a multiple of 22?
False
Is 583 a multiple of 53?
True
Does 9 divide 846?
True
Does 16 divide 36432?
True
Is 3 a factor of 234?
True
Is 2989 a multiple of 49?
True
Is 64080 a multiple of 445?
True
Does 36 divide 3427?
False
Is 20194 a multiple of 9?
False
Is 2097 a multiple of 9?
True
Does 15 divide 1220?
False
Does 10 divide 680?
True
Is 6638 a multiple of 61?
False
Is 6900 a multiple of 20?
True
Does 184 divide 74888?
True
Is 1535 a multiple of 21?
False
Is 8067 a multiple of 5?
False
Does 12 divide 8281?
False
Is 21 a factor of 2665?
False
Is 468 a multiple of 36?
True
Is 165 a multiple of 11?
True
Is 13 a factor of 22003?
False
Is 15 a factor of 75?
True
Does 63 divide 9645?
False
Is 440 a multiple of 30?
False
Is 5 a factor of 177?
False
Does 20 divide 1100?
True
Is 7 a factor of 2954?
True
Is 300 a multiple of 12?
True
Does 48 divide 1488?
True
Does 37 divide 221?
False
Is 9 a factor of 5598?
True
Is 3542 a multiple of 253?
True
Is 61 a factor of 1037?
True
Is 7696 a multiple of 34?
False
Does 12 divide 183?
False
Is 36 a factor of 5579?
False
Is 32 a factor of 3968?
True
Is 112423 a multiple of 19?
True
Is 2760 a multiple of 69?
True
Does 11 divide 77?
True
Does 84 divide 14196?
True
Is 28 a factor of 867?
False
Is 9 a factor of 4174?
False
Is 7149 a multiple of 9?
False
Does 56 divide 102312?
True
Is 31432 a multiple of 268?
False
Is 2538 a multiple of 54?
True
Is 16315 a multiple of 13?
True
Is 49081 a multiple of 24?
False
Is 6 a factor of 7914?
True
Does 6 divide 840?
True
Is 75 a factor of 17152?
False
Is 40 a factor of 3955?
False
Is 30577 a multiple of 47?
False
Does 155 divide 5179?
False
Is 18 a factor of 6714?
True
Does 96 divide 16089?
False
Is 1131 a multiple of 4?
False
Is 21 a factor of 924?
True
Is 38 a factor of 153605?
False
Is 16 a factor of 800?
True
Does 129 divide 66618?
False
Does 21 divide 8370?
False
Is 9 a factor of 222?
False
Does 35 divide 23747?
False
Is 3 a factor of 1192?
False
Does 27 divide 405?
True
Does 2 divide 38?
True
Is 66847 a multiple of 11?
True
Does 84 divide 2980?
False
Is 3 a factor of 75?
True
Is 53 a factor of 4611?
True
Is 2735 even?
False
Does 14 divide 28182?
True
Does 10 divide 46860?
True
Is 4651 a multiple of 2?
False
Is 82 a factor of 2788?
True
Is 39 a factor of 128?
False
Is 8598 a multiple of 17?
False
Is 224 a multiple of 32?
True
Is 372 a multiple of 23?
False
Is 12390 a multiple of 14?
True
Is 5026 a multiple of 7?
True
Is 6 a factor of 2022?
True
Is 375 a multiple of 25?
True
Is 7 a factor of 1946?
True
Is 256 a multiple of 35?
False
Is 186 a factor of 75667?
False
Is 24 a factor of 621?
False
Is 32 a factor of 544?
True
Does 25 divide 487?
False
Is 1331 a multiple of 9?
False
Does 6 divide 126?
True
Is 13200 a multiple of 10?
True
Is 15 a factor of 499?
False
Is 1907 a multiple of 10?
False
Does 5 divide 2524?
False
Is 6724 a multiple of 4?
True
Is 24 a factor of 2280?
True
Is 273 a multiple of 19?
False
Does 10 divide 444?
False
Does 2 divide 5636?
True
Does 17 divide 3500?
False
Is 14850 a multiple of 33?
True
Does 50 divide 650?
True
Does 72 divide 15688?
False
Is 11 a factor of 13342?
False
Does 5 divide 1031?
False
Does 7 divide 14406?
True
Is 14 a factor of 1850?
False
Is 3 a factor of 62?
False
Is 2845 a multiple of 8?
False
Does 5 divide 4172?
False
Is 366 a multiple of 8?
False
Does 18 divide 477?
False
Is 57 a factor of 4451?
False
Is 1428 a multiple of 21?
True
Is 3458 a multiple of 14?
True
Is 480 a multiple of 48?
True
Is 50 a multiple of 5?
True
Does 18 divide 3089?
False
Is 2187 a multiple of 81?
True
Is 42 a factor of 15684?
False
Does 49 divide 40082?
True
Does 46 divide 379?
False
Is 2695 a multiple of 13?
False
Is 11275 a multiple of 13?
False
Is 13 a factor of 2229?
False
Is 3 a factor of 1389?
True
Does 6 divide 486?
True
Is 174 a factor of 14442?
True
Is 7 a factor of 922?
False
Is 3 a factor of 31?
False
Does 20 divide 18261?
False
Does 133 divide 90307?
True
Is 2743 a multiple of 47?
False
Is 19512 a multiple of 32?
False
Does 11 divide 2871?
True
Is 233 a multiple of 13?
False
Is 16 a factor of 7783?
False
Is 2617 a multiple of 8?
False
Does 18 divide 59112?
True
Is 4322 a multiple of 24?
False
Does 18 divide 756?
True
Does 3 divide 1845?
True
Is 2570 a multiple of 69?
False
Is 842 a multiple of 44?
False
Does 3 divide 372?
True
Does 13 divide 44213?
True
Is 5158 a multiple of 49?
False
Is 62568 a multiple of 24?
True
Is 10 a factor of 2090?
True
Is 23 a factor of 1546?
False
Is 128 a factor of 11265?
False
Is 102 a factor of 8976?
True
Is 6650 a multiple of 10?
True
Is 26 a factor of 938?
False
Is 21 a factor of 562?
False
Is 56679 a multiple of 68?
False
Is 2262 a multiple of 6?
True
Does 41 divide 1845?
True
Is 966 a multiple of 21?
True
Does 23 divide 945?
False
Is 39 a factor of 24916?
False
Does 6 divide 1452?
True
Is 12 a factor of 2531?
False
Is 15 a factor of 2881?
False
Is 1495 a multiple of 65?
True
Is 41 a factor of 408?
False
Is 551 a multiple of 43?
False
Does 2 divide 4319?
False
Is 34 a factor of 136?
True
Is 10 a factor of 246?
False
Does 7 divide 2037?
True
Is 446 a multiple of 18?
False
Is 3868 a multiple of 12?
False
Is 49285 a multiple of 3?
False
Is 9990 a multiple of 9?
True
Is 57 a factor of 10602?
True
Is 17 a factor of 17?
True
Does 157 divide 6644?
False
Is 42 